y - 47 = 49*j - 54*j, 3*j = -4*y + 33. Let i(b) = -3*b + 12. What is i(j)?
-9
Suppose -3*g + 4*j = -17, 3 = 3*g - 18*j + 21*j. Let q(t) be the first derivative of 16 - g*t + 1/3*t**3 - 5/2*t**2. Calculate q(4).
-7
Let f(m) be the third derivative of m**4/2 + 5*m**3/6 + 1563*m**2. Determine f(-3).
-31
Let x = -170 - -186. Let i(y) = 14*y + 12*y - 43*y + x*y + 1 - 4. Give i(-6).
3
Let f(t) = 0 - 462134*t - 5 + 462109*t. Determine f(-4).
95
Let u(z) = -12*z**2 + z. Let r(a) = 11*a**2 + 35*a + 1. Let y(b) = -2*r(b) - 2*u(b). What is y(36)?
-2
Let q(f) = -250*f + 512*f + 1 - 5 - 261*f + f**2. Determine q(9).
86
Let t(p) = 5*p**3 + 7*p**2 - 14*p - 105. Let v(q) = q**3 - 2*q**2 - 3*q - 7. Let s(w) = -t(w) + 6*v(w). Give s(19).
-13
Let a(w) = -w**3 + w. Let y be (-22)/33*(-15 + -3 + -3). Suppose -9*o - 5*o = -y. Give a(o).
0
Suppose 2 = 3*n - 13. Let o be 25 + 3 + -1 + -5. Let v(d) = 26*d**2 - 6*d + o*d**2 - 47*d**2 - 1 + 0. Determine v(n).
-6
Let h(u) = 5*u + 5. Let f(n) = -2*n - 2. Let d(c) = 3*f(c) + h(c). Let b(q) = q**2 + q - 1. Let z(r) = b(r) - d(r). What is z(-4)?
8
Let k(f) = -10 - 12*f + 9*f + 4*f + f. Let y(z) = 3*z - 21. Let s(a) = 7*k(a) - 4*y(a). Determine s(-10).
-6
Let y(v) = -v**2 + 5*v - 4. Let z be y(3). Suppose -3*t - 18 = 3*i, z*t + 2*t + 28 = -5*i. Let o(n) = 39 - n**3 - n - 37 + 4*n**2 - 7*n**2. Calculate o(t).
0
Suppose -3*i - 2 = 13*k, -8*k + 12*k - i - 9 = 0. Let j(p) = -23*p**3 + 6*p - 6. Determine j(k).
-23
Suppose -184 = 20*i - 1444. Let f be 138/4*(-18)/9. Let m = i + f. Let v(j) = j**2 + 7*j + 8. What is v(m)?
2
Let t be (248/(-310))/(2/(-10)). Suppose g = i - t, -1 = 5*g + 3*i - 13. Let z(l) = -4 + 0 + 2*l - 3*l + l**2 + 2*l. Calculate z(g).
-4
Let c = 331 + -273. Let s(q) = -22 + c - 30 - 6*q. Give s(5).
-24
Let j(t) be the third derivative of -t**4/12 - t**3/6 - 21*t**2 - 7. Let s = -41 - -28. Let o be (-2)/s + 160/(-26). What is j(o)?
11
Let x(b) = -37*b - 36 - 47*b + 75*b. Let m be x(-5). Let o(s) = s**3 - 10*s**2 + 9*s - 5. Calculate o(m).
-5
Let n = -20 - -23. Let d(r) = 5*r**2 + 2*r**3 - 4*r**n + r**3 - 3 + 2*r. Suppose -11*c - 15 = -14*c. Calculate d(c).
7
Let k(p) be the first derivative of -p**4/4 + 2*p**3 + 3*p**2/2 - 9*p - 37. Let d be k(6). Let a(s) = -2*s**2 + 20*s - 13. Calculate a(d).
5
Let t(c) = 3*c**2 + 6. Let y be (-21)/(-15 - -8) + -8. Let s(m) = -3*m**2 - 5. Let x(d) = y*t(d) - 6*s(d). Calculate x(2).
12
Let k(s) = 3*s + 17. Let i be k(-8). Suppose 931 = u - 8*u. Let j be 12/i*u/38. Let c(z) = z**2 - 5*z - 3. Determine c(j).
3
Let w(b) = -15*b + 94*b - 72*b + 1 - b**2 - 16*b. Calculate w(-5).
21
Let a(x) = 5*x**3 - 5*x**2 - 8*x - 17. Let h(w) = -31*w**3 + 31*w**2 + 48*w + 104. Let z(y) = 25*a(y) + 4*h(y). Calculate z(-5).
-119
Let h(v) = -v - 2. Let c(o) be the first derivative of 2*o**3 + 2*o**2 - 4*o + 3. Let r = 1219 - 1218. Let b be c(r). Calculate h(b).
-8
Let s = -7337 - -7330. Let n(p) = -p**2 - p + 20. Give n(s).
-22
Let n(h) = -2*h - 19 + 5 - h**2 + h + 0*h. Let u(s) = -2*s**3 - 28*s**2 - 2*s - 18. Let c be u(-14). Let f be 318/(-742) - (1 + c/(-7)). Determine n(f).
-14
Let f be (-19)/((-228)/24) - (1 + 6). Let n(w) be the second derivative of -w**3/3 - 2*w**2 - w. Give n(f).
6
Let m(k) be the first derivative of -k**4/4 - 2*k**3 + 3*k**2/2 - 5*k + 4250. Calculate m(-6).
-23
Let f(p) = 7*p**3 + 8*p**2 + 13*p + 15. Let a(y) = -52*y**3 - 57*y**2 - 92*y - 106. Let x(q) = 2*a(q) + 15*f(q). Give x(-4).
1
Suppose 25 = 15*o - 20. Let f(w) = w**3 - 2*w**2 - 12*w + 27. Give f(o).
0
Let i(b) be the second derivative of 5*b**4/12 - 2*b**3/3 - b**2 - 373*b - 7. Determine i(2).
10
Let q(i) = -i**3 - 4*i**2 + 12*i - 1. Let u = 4791 + -4797. What is q(u)?
-1
Let k = 12751 - 12754. Let p(n) = 2*n**3 + 2*n**2 - 2*n + 1. Give p(k).
-29
Let s(x) = -x**3 - 9*x**2 - 13*x + 16. Let k(r) = -r**3 - 9*r**2 - 14*r + 14. Let f(a) = -3*k(a) + 2*s(a). Calculate f(-6).
2
Let p(a) be the third derivative of a**5/60 - a**4/12 - 109*a**3/2 + 62*a**2 - 9*a. Calculate p(-17).
-4
Let h(y) = -2*y**2 - 14*y + 7. Let c(l) = 2*l**2 + 12*l - 5. Let a(x) = -5*c(x) - 4*h(x). Let z = -52 + 48. What is a(z)?
-19
Let c(p) = -p**3 - 23*p**2 - 17*p + 114. Let s(n) = n**3 - 166*n**2 + 136*n + 4763. Let f be s(165). Calculate c(f).
4
Let y(w) = w**3 + w**2 + w + 6. Let n(j) = j**3 - 29*j**2 - 31*j + 33. Let k be n(30). Suppose -k*q = 3*q + 3*q. Calculate y(q).
6
Let r be -1 - (14/35 - (-16)/10). Let m be 4/10 - 580/(-50). Let b(u) = 0 + 3 - m*u - 2*u + 17*u. Give b(r).
-6
Let p(u) = -4*u**2 + 74*u - 73. Let v be p(1). Let n(f) = 50*f - 46*f + 6 + 2. What is n(v)?
-4
Suppose 4*c = -7*c + 55. Let f(k) = 44*k + c - 24*k - 19*k + k**2. Let a = -15 + 15. Calculate f(a).
5
Let t(r) = -11*r**3 + 29*r**2 - 6*r - 1. Let m(y) = 11*y**3 - 33*y**2 + 7*y + 1. Let j(n) = 7*m(n) + 8*t(n). What is j(1)?
-10
Let h be 41/(-13) - (-3 + (-481)/(-169))*1. Let i(x) = 2*x**3 - 14*x + 9. Determine i(h).
-3
Let m(d) be the third derivative of -d**6/180 - d**4/12 - 5*d**3/6 - 29*d**2. Let n(p) be the second derivative of m(p). What is n(2)?
-8
Let o(i) be the third derivative of i**6/120 + 11*i**5/60 + i**4/4 - 2*i**3 + 1750*i**2 - i. Give o(-11).
-78
Let r(i) = 2*i**2 + 8*i - 155. Let f be r(8). Let m(c) = 4*c + 32 + c**2 - f - 11*c. Give m(8).
3
Let m(a) = -4*a**3 + 8*a**2 + 9*a - 4. Let g(n) = 11*n**3 - 23*n**2 - 26*n + 11. Let d(p) = 3*g(p) + 8*m(p). Suppose -120*z = -7443 + 6723. Give d(z).
1
Let b(i) = i**3 + 8*i**2 - 17*i - 1. Let f(n) = n**3 + 8*n**2 - 16*n - 1. Let x(c) = -4*b(c) + 5*f(c). Let m = -24065 + 24056. What is x(m)?
26
Let j = -750 + 755. Suppose -j*p + 4*k + 12 = -p, 3*k - 40 = -4*p. Let c(n) = n**3 - 7*n**2 + 5*n - 7. What is c(p)?
28
Suppose 27*v = 14*v - 79*v - 29*v. Let q(t) = -2*t**2 - t - 9. Let n(i) = 3*i**2 + i + 10. Let y(r) = -3*n(r) - 4*q(r). What is y(v)?
6
Let p(q) = 54*q**2 + 5 - 159*q**2 + 50*q**2 + 47*q**2 + 1 + 8*q. Give p(3).
-42
Let p(y) = y**2 - 7*y. Let b(s) = s**2 - 27*s + 154. Let z be b(20). Suppose -f + 2*n = -z, 0 = 3*f + n + 8 - 29. Calculate p(f).
8
Let a = -242 + 240. Let x(i) be the third derivative of -i**4/6 - 5*i**3/6 + 2*i**2 - 33*i. Give x(a).
3
Let f = 2479 + -2459. Let x(k) = k**3 - 20*k**2 - 16. Give x(f).
-16
Let a(j) = -2*j - 10 + j + 6 + 5. Let l(f) = -2*f + 17. Let v(x) = 3*a(x) - l(x). Let y(d) = -d**3 + 19*d**2 - 49*d + 10. Let n be y(16). Give v(n).
-8
Let o(n) = 27*n - 1. Let x = 89 - 85. Suppose -7*t + 3*t + x = 0. Calculate o(t).
26
Let i(f) = -f**3 + 7*f**2 - 5*f + 2. Let c = 317 - 509. Let s = 197 + c. Give i(s).
27
Let t(o) = o**2 - 6*o - 58. Let b(d) = -d. Let j(n) = -2*b(n) + t(n). Let m be j(-6). Let y(f) = f - 3*f - 3*f. Calculate y(m).
-10
Let k(m) = 50*m + 1241. Let d(r) = 244. Let v(z) = -5*d(z) + k(z). Give v(-2).
-79
Let m(r) = 6*r**3 - r - 1. Let f be 2/(-1) - (-1 + -4). Suppose 8 = 4*h - l, 0 = 2*h - 4*l + 4 - 8. Suppose h*n + 7 = -i, 5*i - 5*n - 13 = f*i. Calculate m(i).
-6
Let n(x) = 170*x - 1535. Let y be n(9). Let v(a) = -5*a**2 - 4*a - 7. Calculate v(y).
-112
Suppose -a + 0 = -2*f - 4, 4*f = a - 6. Let w(q) = 11*q**2 + 4*q + 3. What is w(f)?
10
Suppose -55*z + 12 = -59*z. Let r(c) = c**2 + 5*c. Calculate r(z).
-6
Let n(y) = 7*y**3 - 2*y**2 + y - 2. Let s(u) = -u**3 + u**2 - u + 1. Let o(c) = -n(c) - 5*s(c). Let v be (1 - -3) + (-6 - -4). What is o(v)?
-23
Let k(x) be the first derivative of 13*x**2/2 - 2*x + 2378. Calculate k(10).
128
Let u = 97 + -93. Let r = -14 + 16. Let k(v) = -3 + v**2 - r*v + 3. Determine k(u).
8
Suppose 69 - 73 = g. Let h(x) = -x + 9. Let r(s) = -s + 10. Let y(n) = g*r(n) + 5*h(n). What is y(-4)?
9
Let k(h) = h**3 - h**2 - 10. Let y(q) = -5*q**3 + 4*q**2 - q + 56. Let j(x) = -11*k(x) - 2*y(x). Suppose -p + 3*p - 20 = -4*i, 5*i = p + 11. Calculate j(i).
4
Let b(r) = -9*r - 6. Suppose -33*m - 1323 = -146*m - 76*m. Determine b(m).
-69
Let r(s) be the third derivative of -s**5/60 + s**4/12 - s**3/6 - 6*s**2. Let m be -7 + 9 - 0/(4 - 5). What is r(m)?
-1
Let u(i) = 0*i + 11*i + 49 + 7 + 56 + 24. Determine u(-13).
-7
Suppose 131*u = -94 - 561. Let i(r) = -1 + 0*r + 3 + 4*r. Give i(u).
-18
Let m(k) = 2*k**2 - 4*k - 3. Let o(t) = 25*t + 223. Suppose -70 = 9*l + 11. Let d be o(l). Calculate m(d).
13
Let g(r) = 477*r + 484*r + 477*r + 6*r**2 - 2390*r + 478*r 